n base 13?
-164
Convert 349 (base 13) to base 10.
568
-d06 (base 15) to base 12
-1843
What is -32442 (base 5) in base 2?
-100011000111
1231022 (base 4) to base 8
15512
What is -111011011101 (base 2) in base 9?
-5187
-10160 (base 8) to base 3
-12202212
What is 34b (base 13) in base 11?
479
Convert -4330 (base 8) to base 2.
-100011011000
Convert 2334 (base 5) to base 16.
158
What is -3110 (base 8) in base 11?
-1232
101 (base 2) to base 13
5
Convert 10711 (base 14) to base 12.
1b04b
What is -4551 (base 6) in base 10?
-1075
23311103 (base 4) to base 3
2110111002
Convert -111100100 (base 2) to base 9.
-587
Convert 30243 (base 8) to base 5.
344301
Convert -729 (base 13) to base 12.
-856
-10804 (base 11) to base 12
-9051
Convert -6767 (base 12) to base 6.
-125011
102603 (base 7) to base 13
8136
10302 (base 4) to base 3
102100
What is -1000001111011 (base 2) in base 3?
-12210021
-63064 (base 7) to base 13
-707b
What is 21020102 (base 3) in base 6?
40232
What is 297 (base 15) in base 4?
21100
Convert 1080 (base 16) to base 4.
1002000
What is -39113 (base 11) in base 13?
-1c677
What is -c80 (base 15) in base 13?
-138c
-20047 (base 11) to base 14
-a993
-11946 (base 12) to base 5
-1230224
-7362 (base 10) to base 13
-3474
What is 11111102 (base 3) in base 6?
23102
What is -173a2 (base 12) in base 14?
-c24a
What is -135660 (base 7) in base 14?
-96d7
-14400 (base 5) to base 15
-56a
Convert -16206 (base 7) to base 15.
-1543
Convert -93b (base 14) to base 10.
-1817
Convert -7610 (base 10) to base 5.
-220420
-455 (base 14) to base 7
-2335
What is 5a (base 15) in base 13?
67
What is 228d (base 14) in base 15?
1ba5
Convert -2bb (base 16) to base 2.
-1010111011
-1404254 (base 6) to base 5
-10004410
What is -1232031 (base 4) in base 12?
-40b9
24536 (base 7) to base 13
2c1b
What is 111011 (base 3) in base 10?
355
Convert 224422 (base 5) to base 8.
17660
Convert -1001001001 (base 2) to base 5.
-4320
1244 (base 16) to base 5
122201
-1eb (base 16) to base 4
-13223
What is 4143 (base 8) in base 5?
32042
Convert -110000110 (base 2) to base 5.
-3030
What is 28ee (base 15) in base 3?
110000222
-102101 (base 3) to base 15
-157
31412 (base 5) to base 14
aa7
Convert 366633 (base 7) to base 9.
112160
What is 4124 (base 8) in base 7?
6134
What is -10101011 (base 2) in base 16?
-ab
What is -500 (base 9) in base 4?
-12111
What is -21211120 (base 3) in base 2?
-1011001010000
What is -135 (base 16) in base 11?
-261
Convert 17887 (base 9) to base 3.
121222221
Convert 2545 (base 8) to base 3.
1220011
103011 (base 4) to base 6
5353
Convert -10a6 (base 11) to base 14.
-755
Convert 2458 (base 12) to base 14.
16cc
What is -42405 (base 6) in base 12?
-3405
-40211 (base 5) to base 14
-d08
-24b (base 15) to base 3
-201022
-44438 (base 9) to base 12
-150bb
What is 13111 (base 4) in base 15?
214
-314 (base 11) to base 6
-1430
What is 3217 (base 8) in base 13?
9c2
-1122001 (base 5) to base 3
-1000210001
Convert -cd (base 14) to base 9.
-221
Convert 23243 (base 8) to base 11.
7482
Convert -899 (base 11) to base 2.
-10000110100
Convert 2077 (base 9) to base 2.
10111111000
2bc (base 14) to base 7
1425
Convert 718 (base 16) to base 15.
811
What is 121443 (base 8) in base 11?
29417
Convert 1111100111 (base 2) to base 4.
33213
What is 574 (base 9) in base 12?
334
Convert 10011000000100 (base 2) to base 5.
302412
1048 (base 9) to base 7
2153
Convert -11c68 (base 13) to base 12.
-17034
-2077 (base 8) to base 3
-1111021
What is 581 (base 10) in base 2?
1001000101
-7327 (base 16) to base 4
-13030213
Convert 40570 (base 10) to base 4.
21321322
172 (base 9) to base 12
102
What is 20047 (base 9) in base 10?
13165
-1300 (base 4) to base 5
-422
Convert -1a5 (base 11) to base 5.
-1421
What is 21a (base 12) in base 13?
1ab
-2057 (base 11) to base 12
-16b0
Convert -10230102 (base 4) to base 6.
-224550
What is -670 (base 10) in base 16?
-29e
Convert 1137 (base 10) to base 9.
1503
Convert 1be (base 15) to base 10.
404
What is -6c (base 13) in base 11?
-82
What is -101110110 (base 2) in base 8?
-566
-876 (base 11) to base 2
-10000011011
What is -56c1 (base 13) in base 6?
-132140
What is -2022121 (base 3) in base 7?
-4633
What is 488 (base 11) in base 4?
21010
Convert 72eb (base 16) to base 7.
151525
What is 394c (base 16) in base 2?
11100101001100
660 (base 14) to base 16
4ec
103120 (base 4) to base 8
2330
What is 515 (base 12) in base 5?
10422
Convert 1080 (base 11) to base 7.
4065
Convert 86 (base 9) to base 6.
210
What is 2361 (base 14) in base 10?
6161
Convert 10111000111001 (base 2) to base 13.
5503
-1221 (base 5) to base 12
-136
What is 6000 (base 7) in base 4?
200022
-1021131 (base 4) to base 7
-16464
Convert -543 (base 6) to base 8.
-317
What is -3055 (base 15) in base 2?
-10011111011101
Convert -11303 (base 7) to base 3.
-10222012
Convert 11012 (base 4) to base 2.
101000110
48d0 (base 16) to base 7
105226
-10011110111100 (base 2) to base 7
-41441
Convert 22ff (base 16) to base 14.
339d
Convert -726b (base 12) to base 5.
-344332
What is 214442 (base 8) in base 2?
10001100100100010
Convert -8154 (base 9) to base 12.
-354a
Convert 12cc (base 15) to base 14.
166d
-30554 (base 9) to base 5
-1121022
What is -1a7e (base 15) in base 10?
-5744
-21534 (base 10) to base 11
-151a7
What is 4227 (base 14) in base 7?
45150
-690 (base 13) to base 15
-506
Convert -546 (base 8) to base 12.
-25a
-312 (base 16) to base 9
-1063
What is -121202 (base 3) in base 14?
-244
What is 444 (base 9) in base 3?
111111
Convert 464 (base 7) to base 8.
362
224 (base 9) to base 4
2320
Convert -31467 (base 8) to base 15.
-3d41
Convert 1268 (base 11) to base 9.
2230
Convert 100222110 (base 3) to base 7.
30132
Convert -590 (base 11) to base 15.
-31e
Convert 11ac0 (base 13) to base 12.
16a50
Convert 1188 (base 12) to base 5.
30401
What is 111100011110 (base 2) in base 15?
1230
What is -2905 (base 11) in base 16?
-eac
Convert -101011111110 (base 2) to base 11.
-2129
What is 5004 (base 6) in base 11?
8a6
-10467 (base 9) to base 8
-15442
1110121 (base 3) to base 14
565
11100110 (base 2) to base 4
3212
What is 312302 (base 5) in base 9?
15144
Convert -9389 (base 13) to base 11.
-1435a
What is -2212333 (base 4) in base 8?
-24677
-2a6b (base 14) to base 5
-220133
183 (base 9) to base 8
234
What is 242334 (base 5) in base 6?
110034
-44 (base 15) to base 2
-1000000
What is -2a9b (base 13) in base 12?
-3718
Convert 111 (base 12) to base 5.
1112
Convert -34b (base 12) to base 3.
-200012
Convert -39db (base 16) to base 10.
-14811
Convert 1163 (base 7) to base 10.
437
What is -8a4 (base 12) in base 16?
-4fc
What is 4828 (base 12) in base 5?
224341
What is 21773 (base 8) in base 9?
13564
-1488 (base 15) to base 16
-1133
Convert 110040 (base 5) to base 14.
1534
Convert 133030 (base 4) to base 9.
2657
Convert 12347 (base 9) to base 13.
3a1b
Convert 1123302 (base 4) to base 13.
289b
What is 5160 (base 16) in base 10?
20832
-285 (base 12) to base 8
-605
Convert -543 (base 6) to base 16.
-cf
Convert 255052 (base 6) to base 8.
55150
-17227 (base 11) to base 6
-304101
What is -307c (base 13) in base 8?
-15046
What is 12b42 (base 14) in base 2?
1011010000100110
-21252 (base 6) to base 12
-1828
What is 1112012 (base 3) in base 16?
458
What is b22 (base 12) in base 7?
4460
-17d (base 15) to base 9
-421
2415 (base 7) to base 2
1101111110
74878 (base 9) to base 11
34267
-30041 (base 6) to base 9
-5327
What is -4416 (base 8) in base 10?
-2318
Convert -2278 (base 11) to base 14.
-1137
Convert 254 (base 7) to base 9.
162
Convert -a2 (base 16) to base 4.
-2202
What is 3377 (base 14) in base 11?
6784
Convert 25561 (base 7) to base 13.
3136
141404 (base 5) to base 4
1123132
Convert 435 (base 7) to base 9.
266
What is a05 (base 13) in base 9?
2283
-11023 (base 5) to base 11
-634
21341 (base 5) to base 14
771
What is ba00 (base 13) in base 15?
79dc
-12004 (base 5) to base 7
-2364
What is -22130213 (base 4) in base 10?
-42791
What is -101001100 (base 2) in base 4?
-11030
-1536 (base 9) to base 14
-5d5
Convert -2234 (base 7) to base 16.
-329
-5462 (base 7) to base 16
-7a3
Convert 213 (base 12) to base 16.
12f
Convert 2664 (base 8) to base 10.
1460
What is -34411 (base 5) in base 3?
-10101220
-1687 (base 10) to base 5
-23222
Convert -460a (base 13) to base 7.
-40415
-311130 